 + 102*g - 28. Give m(33).
71
Let t(w) = 174*w - 702. What is t(4)?
-6
Let w(b) = -7672*b - 46036. Determine w(-6).
-4
Let f(a) = -202*a - 417. Determine f(-2).
-13
Let p(j) = 47*j**3 - 6*j**2 + 5*j + 1. Calculate p(1).
47
Let f(b) = -12*b + 171. Give f(-6).
243
Let n(t) = 41*t + 1793. Give n(-44).
-11
Let p(c) = c**3 - c**2 - 105*c + 1. Determine p(-10).
-49
Let q(d) = d**3 - 8*d**2 - 31*d + 56. Give q(11).
78
Let q(b) = -b**3 - 29*b**2 + 130*b - 28. Determine q(-33).
38
Let v(b) = -b**3 - 31*b**2 - 69*b - 261. What is v(-29)?
58
Let j(u) = 172*u**2 - 64*u + 54. Calculate j(1).
162
Let u(p) = p**3 + 9*p**2 + 898*p + 3516. Give u(-4).
4
Let i(t) = -108*t - 851. Calculate i(-8).
13
Let s(c) = c**2 + 10*c + 40. Calculate s(-5).
15
Let m(j) = 37*j - 15. What is m(0)?
-15
Let d(c) = c**3 - 6*c**2 + 24*c - 9. Determine d(3).
36
Let s(g) = g**3 + 57*g**2 - 449*g + 17. Calculate s(7).
10
Let c(j) = 212*j + 817. Calculate c(-4).
-31
Let d(h) = -h**3 + 8*h**2 + 4*h - 22. Give d(8).
10
Let x(f) = -159*f**3 + f**2 + 19*f - 19. Calculate x(1).
-158
Let l(u) = -u**3 - 178*u**2 - 326*u + 4571. Calculate l(-176).
-5
Let u(z) = z**3 - 40*z**2 - 87*z + 89. Calculate u(42).
-37
Let h(i) = i**3 - 12*i**2 + 31*i + 54. Give h(10).
164
Let r(c) = -75*c + 2074. Give r(28).
-26
Let a(g) = -14*g**2 + 1300*g + 181. Calculate a(93).
-5
Let a(p) = -p**3 + 59*p**2 - 100*p - 889. Calculate a(57).
-91
Let n(x) = x**3 - 11*x**2 + 47*x - 387. Determine n(10).
-17
Let x(z) = -3*z**3 + 27*z**2 - 63*z - 22. Calculate x(4).
-34
Let w(j) = -j**3 + 53*j**2 - 490*j - 253. Determine w(41).
-171
Let l(z) = 2*z**2 + 77*z + 582. Give l(-12).
-54
Let u(c) = -3*c**3 + c**2 + 60*c - 153. Calculate u(3).
-45
Let y(n) = -n**2 + 8*n + 70. Give y(-8).
-58
Let o(q) = -q**3 + 45*q**2 + 86*q + 255. Determine o(47).
-121
Let x(y) = -y**2 - 31*y + 177. What is x(5)?
-3
Let d(h) = h**2 + 25*h + 72. What is d(-22)?
6
Let p(y) = -37*y - 2106. What is p(-57)?
3
Let q(u) = 16*u + 232. Determine q(-16).
-24
Let b(u) = 53*u - 4275. Give b(80).
-35
Let f(q) = -q**2 + 4*q - 47. Give f(-12).
-239
Let t(d) = 288*d + 2990. Give t(-9).
398
Let u(f) = 9*f + 503. Calculate u(-42).
125
Let v(b) = -b**2 - 63*b - 636. Calculate v(-12).
-24
Let n(v) = 11*v**2 + 71*v - 26. Calculate n(-7).
16
Let v(n) = 3*n**3 - 51*n**2 - 31*n - 425. Give v(18).
-11
Let p(f) = -2*f**3 - 21*f**2 - 11*f. Give p(-8).
-232
Let l(w) = 48*w - 927. Determine l(24).
225
Let i(x) = 40*x**2 - 5*x - 20. What is i(-2)?
150
Let j(h) = 55*h - 327. Determine j(6).
3
Let o(g) = 2*g**3 + 559*g**2 - 840*g + 837. Give o(-281).
-6
Let i(t) = 289*t - 14460. Calculate i(50).
-10
Let h(g) = -338*g - 260. Give h(-1).
78
Let b(p) = -23*p + 548. Give b(-16).
916
Let a(j) = j**3 - 9*j**2 - 45*j + 165. Calculate a(4).
-95
Let a(d) = 387*d + 1549. Determine a(-4).
1
Let k(c) = -c**2 - 13*c + 51. Determine k(-22).
-147
Let z(p) = -p**3 - 9*p**2 + 959*p + 8627. Give z(-9).
-4
Let v(i) = -i**3 + 22*i**2 + 46*i - 61. Determine v(24).
-109
Let l(q) = 389*q + 1631. Determine l(-4).
75
Let p(f) = -16*f - 202. Give p(-16).
54
Let p(t) = 2*t**3 + 10*t**2 + 3173*t + 12656. What is p(-4)?
-4
Let j(u) = 382*u**3 + u**2 - 2*u - 3. Determine j(-1).
-382
Let m(z) = z**2 + 1273*z + 8918. What is m(-7)?
56
Let i(f) = -6*f**2 + 31*f + 31. Calculate i(6).
1
Let z(x) = 2*x**2 + 57*x + 42. Give z(-28).
14
Let y(r) = 16*r + 1554. What is y(-98)?
-14
Let k(n) = 2*n**2 - 80*n - 168. What is k(42)?
0
Let y(s) = -2*s**2 - 40*s + 1032. Give y(-36).
-120
Let t(g) = 68*g + 1922. What is t(-28)?
18
Let m(g) = 61*g + 39. Calculate m(-2).
-83
Let f(u) = -12*u**2 - 254*u - 1275. What is f(-8)?
-11
Let v(z) = -35*z**3 + 2*z**2 + 6*z - 6. Give v(2).
-266
Let j(x) = -2*x**3 + 7*x**2 - 2*x - 3. What is j(0)?
-3
Let o(y) = y**2 - 3*y + 3. What is o(3)?
3
Let i(u) = -263*u - 9882. Give i(-38).
112
Let n(k) = -k**3 + 9*k**2 - 35*k + 305. Calculate n(9).
-10
Let i(y) = -20*y - 466. Determine i(-24).
14
Let y(h) = -h**3 + 61*h**2 + 193*h + 108. Calculate y(64).
172
Let o(c) = 2*c**2 + 2*c - 93. Calculate o(-7).
-9
Let w(v) = 113*v - 23394. What is w(207)?
-3
Let y(v) = 2*v**3 + 106*v**2 - 80. Give y(-53).
-80
Let z(w) = w**2 + 269*w + 1648. Calculate z(-6).
70
Let o(v) = v**2 - 129*v + 2282. Give o(21).
14
Let q(s) = -s**3 - 11*s**2 + 2*s - 114. What is q(-13)?
198
Let k(w) = 6*w**3 + 2*w**2 - 4*w - 7. Give k(-2).
-39
Let j(n) = -86*n + 114. Calculate j(2).
-58
Let v(j) = -j**3 - 56*j**2 + 3*j + 163. Determine v(-56).
-5
Let m(i) = -2*i**3 + 37*i**2 - 20*i + 781. Give m(19).
40
Let c(t) = -t**3 - 264*t**2 + 1633*t + 3500. What is c(-270)?
-10
Let i(x) = 56*x - 2260. What is i(40)?
-20
Let c(o) = 14*o**3 + 562*o**2 + 76*o - 161. Give c(-40).
-1
Let b(g) = -3*g**2 + 17*g + 5926. Give b(47).
98
Let x(p) = -336*p - 1478. Determine x(-4).
-134
Let a(v) = -332*v + 5314. Calculate a(16).
2
Let t(d) = 2*d**2 - 73*d + 318. Give t(32).
30
Let f(i) = -46*i**2 + i. Determine f(-1).
-47
Let c(y) = -y**3 + 31*y**2 + 33*y - 95. Determine c(32).
-63
Let q(l) = 138*l - 1792. What is q(13)?
2
Let m(i) = -58*i**2 + 6*i + 17. Calculate m(-1).
-47
Let n(q) = 74*q + 158. Determine n(-4).
-138
Let h(p) = -p**3 + 48*p**2 + 57*p - 420. What is h(49)?
-28
Let f(o) = 3*o**2 - 138*o + 273. Determine f(2).
9
Let s(k) = -4*k**2 + 383*k - 9157. Calculate s(49).
6
Let z(f) = -f**3 + 9*f**2 - 10*f - 37. What is z(7)?
-9
Let u(n) = 13*n + 583. Give u(-46).
-15
Let f(o) = 2*o**3 + 50*o**2 - 48*o + 87. Give f(-26).
-17
Let t(x) = -262*x - 1325. Calculate t(-5).
-15
Let h(w) = -40*w**2 + 440*w - 9. Calculate h(11).
-9
Let n(k) = -4*k**2 - 14*k + 262. Determine n(8).
-106
Let g(s) = 920*s + 3694. Give g(-4).
14
Let f(x) = 24*x**2 + 10*x - 1. What is f(1)?
33
Let s(z) = -75*z + 61. Give s(5).
-314
Let b(f) = -2*f**2 + 529*f - 8651. Calculate b(247).
-6
Let b(w) = 9*w + 112. Calculate b(-15).
-23
Let j(m) = -4*m - 61. Determine j(0).
-61
Let j(d) = -213*d + 4857. Determine j(23).
-42
Let j(f) = -f**2 - 27*f + 40. Give j(-29).
-18
Let n(b) = -50*b + 17. Give n(5).
-233
Let g(n) = -8*n**2 - 22*n - 21. What is g(-1)?
-7
Let t(j) = 524*j - 25680. Give t(49).
-4
Let n(r) = 364*r + 6150. What is n(-17)?
-38
Let c(g) = -g**3 - 14*g**2 - 48*g + 7. What is c(-8)?
7
Let w(q) = -2*q**2 + 779*q - 47. Calculate w(0).
-47
Let x(f) = f**3 + 4*f**2 - 26*f - 12. What is x(5)?
83
Let r(m) = -2*m**2 + 131*m + 575. What is r(70)?
-55
Let u(q) = 4*q**2 + 73*q + 2. What is u(-15)?
-193
Let x(i) = i**3 + 6*i**2 + 15*i - 48. Give x(6).
474
Let v(o) = 136*o + 46. Determine v(-2).
-226
Let v(p) = -p**3 - 60*p**2 - 504*p - 205. Give v(-50).
-5
Let k(m) = -19593*m + 39188. Calculate k(2).
2
Let m(j) = -321*j - 67. Determine m(-2).
575
Let v(x) = x**2 + 7*x - 142. What is v(17)?
266
Let a(f) = f**2 - 361*f - 2850. Determine a(-8).
102
Let v(d) = -6*d**2 - 16*d + 63. What is v(-4)?
31
Let g(b) = 24*b - 1089. Give g(46).
15
Let o(g) = -2*g**3 + 121*g**2 - 59*g. Calculate o(60).
60
Let u(x) = x**3 - 21*x**2 + 78*x + 120. What is u(16)?
88
Let c(b) = -b**2 + 37*b - 342. Determine c(22).
-12
Let m(t) = 2*t**2 - 64*t - 23. What is m(32)?
-23
Let o(v) = 2*v**3 + 13*v**2 + 18*v + 30. Give o(-8).
-306
Let u(f) = -2*f**3 + 26*f**2 - 172*f + 2795. Determine u(14).
-5
Let z(q) = 2*q**2 + 18*q - 10. Calculate z(5).
130
Let u(r) = 3*r**3 - 22*r**2 + 5*r + 25. Determine u(6).
-89
Let k(v) = 24*v + 1540. Determine k(-64).
4
Let i(r) = -r**2 + 7*r - 1. What is i(6)?
5
Let k(y) = 102*y + 21843. Give k(-214).
15
Let d(n) = n**3 + 17*n**2 - n + 28. Give d(-16).
300
Let v(x) = 22*x**2 + 152*x - 1743. What is v(-13)?
-1
Let f(w) = 22*w**3 + 243*w**2 + 19*w + 79. Determine f(-11).
-9
Let x(a) = 496*a + 31225. Give x(-63).
-23
Let f(h) = -13*h**3 + 2*h**2 + h - 56. What is f(-3)?
310
Let r(l) = 40*l - 369. Give r(-4).
-529
Let l(v) = v**3 - 80*v**2 - 610*v + 85. Determine l(87).
-2
Let w(y) = 185*y**3 - y**2 + 4*y - 4. Calculate w(1).
184
Let w(i) = -49*i**3 + 20*i**2 + 4*i - 2. Give w(1).
-27
Let y(j) = -j**3 + 35*j**2 + 105*j + 94. Calculate y(38).
-248
Let z(x) = 2*x**2 - 201*x + 550. Calculate z(98).
60
Let g(a) = a**2 + 53*a - 61. Give g(-54).
-7
Let x(z) = -z**2 + 214*z + 425. Calculate x(-2).
-7
Let u(w) = 17*w**2 + 119*w - 130. What is u(-8)?
6
Let k(w) = 56*w**2 + 60*w - 1. What is